**3 - 11*r**2 + 25*r - 41. Let c be x(17). Is c/(-435) + (-2)/15 a prime number?
False
Let n(a) = -31*a - a**3 - 15 + 51*a - 6 - 27*a**2. Is n(-28) prime?
False
Suppose -4*o + 5*o = 1. Let q(j) be the first derivative of 13*j**2/2 + 2*j - 62. Is q(o) composite?
True
Let v(l) be the second derivative of 23*l**4/4 - l**3/6 + 13*l**2/2 - 12*l. Is v(3) composite?
False
Suppose -2*q = -0*q + 8. Let x(b) be the third derivative of -5*b**4/4 + b**3/6 - 8*b**2. Is x(q) a prime number?
False
Let f be 2/15 + (-86)/(-30). Let a be f - (-3 - -7 - 5). Suppose -4*q + 1638 = -z, a*q = 2*q + 2*z + 822. Is q composite?
False
Suppose -219 = -2*w + 2813. Let h be -5*w*4/40. Let f = -403 - h. Is f composite?
True
Let h be (3 + -3)*3/6. Suppose h = 6*m - 2*m - 836. Is m a prime number?
False
Let n(h) = h**3 - 32*h**2 + 191*h + 195. Is n(56) a prime number?
False
Let l(m) = -m**3 + m**2 + 2*m - 3. Let t be l(3). Is -2*(-2227)/8 + t/(-60) a composite number?
False
Suppose -4*h = n - 3*n - 90, -4*n = 12. Let l = 12 - h. Let k = 62 + l. Is k composite?
False
Suppose 2340 = 8*k - 3*k - y, 2*k = -3*y + 936. Let b(l) = l**3 + 4*l**2 + 2*l - 2. Let d be b(-2). Suppose d*f - k = -94. Is f a prime number?
False
Let n(c) = -c**3 + 10*c**2 - 10*c - 18. Let p be n(8). Is p/(-45)*309/(-2) a prime number?
True
Suppose -28 = 5*q - 8. Let c be 4/q*(3 - -443). Is 6 - 2 - (c - 1) a prime number?
False
Let m(c) = c**3 - 5*c**2 + 11*c + 7. Let x be m(-9). Let d = 2089 + x. Is d a prime number?
True
Let s be (-1 + 2)*(7 + 3). Suppose -5*d + 5 = 5*q - s, -q = -d - 7. Is (d + 1)*142/(-2) composite?
False
Let s be (-5 + 8)*(8/(-6) + 2). Suppose -15 = -3*o, 5*n - s*o - 590 = 455. Is n a prime number?
True
Let j(v) = -13*v**3 - 6 - 6*v + 28*v**3 - 16*v**3 + 11*v**2. Let x = -1 - -11. Is j(x) a prime number?
False
Let u be ((-14)/(-49))/(1/7). Suppose 1814 = 2*b - u*c, 4*b - 2*c - 3140 = 488. Is b prime?
True
Let r be 274/(78/(-21) + 4). Suppose x - t = 2*x - r, -951 = -x + t. Is x prime?
False
Let z(r) = 106*r + 57*r - 14 - 35*r. Is z(9) composite?
True
Suppose 467 = -n + 2*a, 0 = -3*n - n - a - 1904. Let f = -249 - n. Is f a composite number?
True
Is ((-3)/(-3))/(6/100338) a composite number?
True
Let g(p) = 287*p - 303. Is g(7) a composite number?
True
Let a = 17 - 12. Let l(q) = -34 + 16 + 5 + 222*q. Is l(a) composite?
False
Let d(j) = -j**2 + 17*j + 30. Let r be d(18). Let s(y) = y**3 + 17*y + 27. Is s(r) composite?
True
Let q = 8480 + -4573. Is q a prime number?
True
Let j be -3*(40/(-12) - -1). Suppose j*s = -2*b + 4*s - 48, 24 = -b + 4*s. Let m = 225 + b. Is m a composite number?
True
Suppose -3*q = -31 + 22. Suppose 839 = -q*f + 2444. Is f a prime number?
False
Is ((-33)/(-3))/(7/511) a composite number?
True
Suppose 7*v = 3*v - 8. Is 803/v*(1 - 3) a composite number?
True
Suppose -11*o + 90552 = -3*o. Suppose 992 = 13*v - o. Is v composite?
False
Suppose -j + 4 = -5*q, 4*q - 2*j - 2 + 4 = 0. Let s(i) = -6*i + 18. Let b be s(-5). Is q + 1 + 10 + b a composite number?
True
Let w(s) = -3198*s**3 + 1. Let j = -17 - -25. Let n be 4*2/j*-1. Is w(n) a composite number?
True
Suppose 91*p + 62292 = 103*p. Is p a composite number?
True
Let q be 3152/(-9) + (8 - 490/63). Let y = -81 - q. Is y composite?
False
Suppose -3*l + 2*z + 21 = 0, -2*l = -3*z - 9 - 10. Suppose -2*w - 2 = -l*n - 1, 2*n = -4*w + 10. Is (1/w)/(13/3172) prime?
False
Suppose 62379 - 220976 = -5*y - 4*b, -3*b = -2*y + 63448. Is y a composite number?
False
Is (-1190959)/(-35) + (-4)/30*3 a composite number?
True
Let n be ((-6)/5)/(-2) + 2249391/465. Is 2/(-13) + (1 - n/(-13)) a prime number?
True
Let s(l) = -430*l**3 - 8*l**2 - l + 1. Is s(-4) prime?
True
Suppose -8 = -2*n - 4. Let m(v) = -4*v + 14 - 25 + 9*v**n + v. Is m(8) composite?
False
Let s(z) = -z**3 - 2*z**2 + 7*z + 10. Let r be s(-3). Let t be 6 + (-5 + 1 - r). Suppose -3*p - 5*q = -1242, t*p + q = -p + 2092. Is p a composite number?
False
Let d(g) = 676*g + 303. Is d(14) composite?
False
Let u(q) = q + 16. Let t(j) = -15*j**3 - j**2 + j - 1. Let p be t(1). Let g be u(p). Suppose g = 5*w - m - 83 - 83, 8 = 2*m. Is w a composite number?
True
Suppose 0 = 3*k + 12748 - 39121. Suppose 1737 = -2*m + k. Is m prime?
True
Suppose 9*n - 42791 = -3*a + 13*n, 42787 = 3*a - 2*n. Is a composite?
True
Is 1/(-3)*(-2967456)/32 a prime number?
True
Let v = 5592 + -563. Is v composite?
True
Let t be (-41*1)/(-5 - -6). Let g = -15 + t. Is ((-29)/(-4))/((-2)/g) a prime number?
False
Let z = -8 - -6. Is (-12)/(-3) - (z + -1145) a prime number?
True
Let m = 136997 + -79048. Is m a prime number?
False
Let n(w) = -w**3 + 32*w**2 + 62*w - 113. Is n(30) composite?
False
Let r be (5 - 8/4) + 4. Is (r - 95/15)*894/4 a composite number?
False
Let s be 18/(1 + -4)*-1. Suppose s*g - 53 = 5*g. Suppose -9 = 2*l - g. Is l a prime number?
False
Suppose 0 = -v + 3*v - 46. Let t = v + -20. Is (-2 - 0)/(t/(-93)) composite?
True
Let j(z) = 34*z**3 - 33*z**3 + 3*z - 3 + 5*z**2 + 4. Let s be j(-4). Suppose s*w = -3*t + 593, -w - 613 = -3*t + 4*w. Is t a composite number?
True
Let a(o) = -9*o - 83. Is a(-34) prime?
True
Is (9 - 10) + -1 - -20065 prime?
True
Suppose -32761 = -4*i - 3*k, 0*i - 5*i + k + 40956 = 0. Is i a composite number?
False
Let o = 4043 - 160. Is o composite?
True
Let h(n) = -2*n - 2. Suppose -2*q = 2, -4*k + 5*q - 4*q = -5. Let j be h(k). Is (-34)/j*(21 + 1) a composite number?
True
Let u = 504 + -280. Let s be -61*(3 - 1)/(-2). Let l = u - s. Is l prime?
True
Let z = -769 - -1104. Is z a prime number?
False
Suppose -5*s = -6*s + n + 410, -4*s + 1643 = -n. Is s a composite number?
True
Let l = -2575 - -6726. Is l a prime number?
False
Suppose -21 = 10*p - 51. Let z(i) = -i**2 - 1. Let f(m) = 15*m**3 - 3*m + 1. Let t(u) = f(u) + 2*z(u). Is t(p) composite?
True
Let l be -1*-2*10/5. Suppose l*m - 6108 = -4*j, -5*j - 2*m = -m - 7619. Is j a composite number?
False
Let h(f) = -8*f**2 - 3*f + 13. Let t be ((-12)/15)/(8/(-60)). Let o be h(t). Is 24/(-36) - o/3 composite?
False
Is (-13)/39 + (-4090)/(-3) a composite number?
True
Suppose -z + 37 = -3*t, -4*t - 118 = -3*z - 2*t. Suppose -3*c - d + 3 = 3*d, 5*c = 5*d + z. Suppose 0 = 7*k - c*k - 1106. Is k a prime number?
False
Suppose -2*n + 3*j = 166 - 1443, j - 1297 = -2*n. Let t = 2963 - n. Is t composite?
True
Suppose -r + 7 = -t, -2*r + 2*t = -t - 16. Suppose 10*b - 15 = r*b, 2*i + 2*b = 524. Is i a composite number?
True
Suppose 0 = 4*s - 46132 - 52416. Is s a prime number?
False
Is (-4)/46 + (-289943329)/(-3887) a composite number?
True
Suppose -11060 = -4*z - 2*x, 3*z - x - 2502 = 5803. Is z a prime number?
True
Suppose 0 = 4*r + 4*n - 289044, -25*n - 144519 = -2*r - 30*n. Is r composite?
True
Is 1119*(2 + -1) + -27 + 31 a composite number?
False
Let j(h) = 7*h**3 - 4*h**2 + 4. Let l be (9 - 12)*8/(-6). Let t be j(l). Suppose -2*p + 0*p - 5*a + 743 = 0, -p + t = -3*a. Is p prime?
True
Let w = -9953 - -13942. Is w a prime number?
True
Suppose 3*q - 2*u = u + 4536, -3*u = -q + 1502. Is q prime?
False
Let z = 4051 - 524. Is z a composite number?
False
Let g = -15 - -24. Suppose 5*u + g = 34. Suppose u*w = -20, -4*r + 3*w + 14 = -3*r. Is r a prime number?
True
Suppose 0*a - 4*a + 1768 = 0. Let i be ((-3)/(-2))/(1/418). Let o = i - a. Is o a prime number?
False
Let y = -34 - -37. Suppose 0 = y*z + 6*d - d - 562, -3*z + 527 = -2*d. Is z a composite number?
False
Let c be 3/3 + 19 - 3. Suppose 3*w - c = 4*l, 5*w - 3*l - l = 31. Suppose -6*z = -w*z + 719. Is z prime?
True
Let m = 1140 + -445. Is m composite?
True
Let g(m) = m**3 + 7*m**2 + 2*m + 4. Let d be g(-7). Is (974/d)/((-2)/10) a prime number?
True
Is ((-920)/(-15) + -2)/(4/30) prime?
False
Suppose -994 = -4*o - 2*j, -3*o - 4*j - 39 = -777. Is -2 + 3 + -8*o/(-4) a composite number?
True
Let z be ((-9)/(-6))/((-3)/(-2)) + 2696. Suppose 5*k - 4*f = z, 4*f - 1313 - 859 = -4*k. Is k prime?
True
Let w(x) = 985*x**3 - x**2 + 3*x - 3. Let t be w(1). Suppose -2*d - t = -5*d - 3*o, d + 4*o - 343 = 0. Is d prime?
False
Let n(u) = u**2 + 11*u + 22. Let r be n(-7). Is r/(-21) + (-2 - 19335/(-21)) prime?
True
Let d(u) = -u + 221. Let p(v) = -v**3 - 13*v**2 - 21*v + 16. Let o be p(-11). Suppose -4*a - 20 = 4*t, -t - o = -6*t + a. Is d(t) a prime number?
False
Let x be (-3105)/(-30)*(-454)/(-3). Supp